{"id":1048,"date":"2019-12-03T12:40:57","date_gmt":"2019-12-03T11:40:57","guid":{"rendered":"https:\/\/autoschule.schulhomepages.hamburg.de\/?page_id=1048"},"modified":"2019-12-03T12:40:57","modified_gmt":"2019-12-03T11:40:57","slug":"schuelerrat","status":"publish","type":"page","link":"https:\/\/bs16.bildungssprit.de\/?page_id=1048","title":{"rendered":"Sch\u00fclerrat"},"content":{"rendered":"<p>Der Sch\u00fclerrat vertritt die Interessen der Sch\u00fclerinnen und Sch\u00fcler in der Schule und gegen\u00fcber der zust\u00e4ndigen Beh\u00f6rde. Er kann im Rahmen des Bildungs- und Erziehungsauftrages der Schule selbst gestellte Aufgaben in eigener Verantwortung wahrnehmen.<\/p>\n<p>Dem Sch\u00fclerrat ist Gelegenheit zur Stellungnahme zu geben sowohl vor Beschl\u00fcssen der Schulkonferenz oder des Schulvorstands von grunds\u00e4tzlicher Bedeutung als auch zu Fragen der Unterrichtsgestaltung und der Leistungsbeurteilung in der Schule.<\/p>\n<p>Da unsere Schule im Wesentlichen im Blockunterricht unterrichtet, besteht unser Sch\u00fclerrat auch aus drei Gruppensprechern f\u00fcr die jeweiligen Bl\u00f6cke (A-, B- und C-Block).&nbsp;Der Gruppensprecher des A-Blockes vertritt auch die Vollzeitsch\u00fcler an unserer Schule, die nicht im Blockunterricht unterrichtet werden. Jeder Block hat eine\/n Sprecher\/in (S) und eine\/n Vertreter\/in (V) gew\u00e4hlt. Hier die \u00dcbersicht der Ansprechpartner:<\/p>\n<table style=\"width: 118.776%\">\n<tbody>\n<tr>\n<td style=\"width: 31.8472%\"><strong>Name&nbsp; (Block-Sprecher\/Vertreter)<\/strong><\/td>\n<td style=\"width: 53.5959%\"><strong>Kontakt<\/strong><\/td>\n<td style=\"width: 33.1224%\"><strong>Klasse<\/strong><\/td>\n<\/tr>\n<tr>\n<td style=\"width: 31.8472%\">Melina Sieche (A\/S)<\/td>\n<td style=\"width: 53.5959%\"><a href=\"mailto:melina.sieche@web.de\">melina.sieche@web.de<\/a><\/td>\n<td style=\"width: 33.1224%\">23KA<\/td>\n<\/tr>\n<tr>\n<td style=\"width: 31.8472%\"><span data-olk-copy-source=\"MessageBody\">Christoph Coerdt<\/span> (A\/V)<\/td>\n<td style=\"width: 53.5959%\"><a href=\"mailto:christoph.coerdt@bs16.de\">christoph.coerdt@bs16.de<\/a><\/td>\n<td style=\"width: 33.1224%\">TS25<\/td>\n<\/tr>\n<tr>\n<td style=\"width: 31.8472%\"><span data-olk-copy-source=\"MessageBody\">Sinan Ramaj<\/span>&nbsp;(B\/S)<\/td>\n<td style=\"width: 53.5959%\"><a href=\"mailto:sinan.ramaj@bs16.de\"><span data-olk-copy-source=\"MessageBody\">sinan.ramaj<\/span>@bs16.de<\/a><\/td>\n<td style=\"width: 33.1224%\">FiF241<\/td>\n<\/tr>\n<tr>\n<td style=\"width: 31.8472%\"><span data-olk-copy-source=\"MessageBody\">Wilke L\u00fcbben<\/span>&nbsp;(B\/V)<\/td>\n<td style=\"width: 53.5959%\"><a href=\"mailto:wilke.luebben@bs16.de\">w<span data-olk-copy-source=\"MessageBody\">ilke.luebben<\/span>@bs16.de<\/a><\/td>\n<td style=\"width: 33.1224%\">24.2KB<\/td>\n<\/tr>\n<tr>\n<td style=\"width: 31.8472%\"><span data-olk-copy-source=\"MessageBody\">Rawan Hussein<\/span> (C\/S)<\/td>\n<td style=\"width: 53.5959%\"><a href=\"mailto:rawan.hussein@bs16.de\"><span data-olk-copy-source=\"MessageBody\">rawan.hussein@bs16.de<\/span><\/a><\/td>\n<td style=\"width: 33.1224%\">24.1C<\/td>\n<\/tr>\n<tr>\n<td style=\"width: 31.8472%\"><span data-olk-copy-source=\"MessageBody\">Cem G\u00fcr<\/span> (C\/V)<\/td>\n<td style=\"width: 53.5959%\"><a href=\"mailto:cem.guer@bs16.de\"><span data-olk-copy-source=\"MessageBody\">cem.guer@bs16.de<\/span><\/a><\/td>\n<td style=\"width: 33.1224%\">25.VC<\/td>\n<\/tr>\n<\/tbody>\n<\/table>\n<p>Ansprechpartner f\u00fcr die Schulsprecher bei den Lehrer:innen ist der Verbindungslehrer:<\/p>\n<table style=\"height: 36px\">\n<tbody>\n<tr style=\"height: 18px\">\n<td style=\"width: 218px;height: 18px\"><strong>Namen der Verbindungslehrkr\u00e4fte<\/strong><\/td>\n<td style=\"width: 221px;height: 18px\"><strong>Kontakt<\/strong><\/td>\n<\/tr>\n<tr style=\"height: 18px\">\n<td style=\"width: 218px;height: 18px\">Esrin Sahin<\/td>\n<td style=\"width: 221px;height: 18px\"><a href=\"mailto:esrin.sahin@bs16.de\">esrin.sahin@bs16.de<\/a><\/td>\n<\/tr>\n<tr>\n<td style=\"width: 218px\">Maik Wantikow<\/td>\n<td style=\"width: 221px\"><a href=\"mailto:maik.wantikow@bs16.de\">maik.wantikow@bs16.de<\/a><\/td>\n<\/tr>\n<\/tbody>\n<\/table>\n<table>\n<tbody>\n<tr>\n<td style=\"width: 219px\">Foto: Rider<\/td>\n<td style=\"width: 220px\">&nbsp;<\/td>\n<\/tr>\n<\/tbody>\n<\/table>\n","protected":false},"excerpt":{"rendered":"<p>Der Sch\u00fclerrat vertritt die Interessen der Sch\u00fclerinnen und Sch\u00fcler in der Schule und gegen\u00fcber der zust\u00e4ndigen Beh\u00f6rde. Er kann im Rahmen des Bildungs- und Erziehungsauftrages der Schule selbst gestellte Aufgaben in eigener Verantwortung wahrnehmen. Dem Sch\u00fclerrat ist Gelegenheit zur Stellungnahme<\/p>\n","protected":false},"author":1,"featured_media":1084,"parent":3335,"menu_order":0,"comment_status":"closed","ping_status":"closed","template":"","meta":{"footnotes":""},"class_list":["post-1048","page","type-page","status-publish","has-post-thumbnail","hentry"],"_links":{"self":[{"href":"https:\/\/bs16.bildungssprit.de\/index.php?rest_route=\/wp\/v2\/pages\/1048","targetHints":{"allow":["GET"]}}],"collection":[{"href":"https:\/\/bs16.bildungssprit.de\/index.php?rest_route=\/wp\/v2\/pages"}],"about":[{"href":"https:\/\/bs16.bildungssprit.de\/index.php?rest_route=\/wp\/v2\/types\/page"}],"author":[{"embeddable":true,"href":"https:\/\/bs16.bildungssprit.de\/index.php?rest_route=\/wp\/v2\/users\/1"}],"replies":[{"embeddable":true,"href":"https:\/\/bs16.bildungssprit.de\/index.php?rest_route=%2Fwp%2Fv2%2Fcomments&post=1048"}],"version-history":[{"count":0,"href":"https:\/\/bs16.bildungssprit.de\/index.php?rest_route=\/wp\/v2\/pages\/1048\/revisions"}],"up":[{"embeddable":true,"href":"https:\/\/bs16.bildungssprit.de\/index.php?rest_route=\/wp\/v2\/pages\/3335"}],"wp:featuredmedia":[{"embeddable":true,"href":"https:\/\/bs16.bildungssprit.de\/index.php?rest_route=\/wp\/v2\/media\/1084"}],"wp:attachment":[{"href":"https:\/\/bs16.bildungssprit.de\/index.php?rest_route=%2Fwp%2Fv2%2Fmedia&parent=1048"}],"curies":[{"name":"wp","href":"https:\/\/api.w.org\/{rel}","templated":true}]}}