{"id":2665,"date":"2025-01-27T13:02:46","date_gmt":"2025-01-27T12:02:46","guid":{"rendered":"https:\/\/autoschule.hamburg.de\/?page_id=2665"},"modified":"2025-01-27T13:02:46","modified_gmt":"2025-01-27T12:02:46","slug":"anmeldung-wiederholende","status":"publish","type":"page","link":"https:\/\/bs16.bildungssprit.de\/?page_id=2665","title":{"rendered":"Anmeldung Wiederholende"},"content":{"rendered":"<h2>Anmeldeformular f\u00fcr Wiederholende<\/h2>\n<p>Sollten Ihre Auszubildenden die Abschlusspr\u00fcfung nicht bestehen und die Ausbildung wird verl\u00e4ngert, sind die Auszubildenden weiterhin berufsschulpflichtig.<\/p>\n<p>In diesem Fall melden Sie Ihre\/n Auszubildende\/n bitte unbedingt mit dem Anmeldeformular f\u00fcr Wiederholer an. Per Mail an:<br \/>\n<a href=\"mailto:BS16-Anmeldung@hibb.hamburg.de\">BS16-Anmeldung@hibb.hamburg.de<\/a><\/p>\n<p><a href=\"https:\/\/autoschule.hamburg.de\/wp-content\/uploads\/sites\/162\/2026\/01\/BS16_Wiederholer-Anmeldung_202601.pdf\" target=\"_blank\" rel=\"noopener\"><span data-olk-copy-source=\"MessageBody\">Anmeldeformular f\u00fcr Wiederholende<\/span><\/a><\/p>\n<div class=\"su-box su-box-style-default\" id=\"\" style=\"border-color:#750000;border-radius:0px;max-width:none\"><div class=\"su-box-title\" style=\"background-color:#a83023;color:#fff;border-top-left-radius:0px;border-top-right-radius:0px\">HINWEIS:<\/div><div class=\"su-box-content su-u-clearfix su-u-trim\" style=\"border-bottom-left-radius:0px;border-bottom-right-radius:0px\"><strong>Der Tagesunterricht f\u00fcr die Wiederholenden findet wie folgt statt:<\/strong><br \/>\nKlasse <strong>Wh22.1<\/strong>: Tagesunterricht immer freitags mit Beginn am <strong>13. Februar 2026<\/strong>, Unterrichtsbeginn 8:15 Uhr, Unterrichtsende 15:00 Uhr (letzter Schultag: 8. Mai 2026)<\/p>\n<p>Klasse <strong>Wh22.2<\/strong>: Tagesunterricht immer montags mit Beginn am <strong>9. Februar 2026<\/strong>, Unterrichtsbeginn 8:15 Uhr, Unterrichtsende 15:00 Uhr (letzter Schultag: 4. Mai 2026)<\/div><\/div>\n<p>Bei weiteren Fragen schreiben Sie uns gerne:<\/p>\n<a href=\"https:\/\/autoschule.hamburg.de\/kontakt\/\" class=\"su-button su-button-style-default\" style=\"color:#FFFFFF;background-color:#2D89EF;border-color:#246ec0;border-radius:7px\" target=\"_self\"><span style=\"color:#FFFFFF;padding:7px 20px;font-size:16px;line-height:24px;border-color:#6cadf4;border-radius:7px;text-shadow:none\"><i class=\"sui sui-envelope-o\" style=\"font-size:16px;color:#FFFFFF\"><\/i> Kontakt aufnehmen<\/span><\/a>\n<p>&nbsp;<\/p>\n","protected":false},"excerpt":{"rendered":"<p>Anmeldeformular f\u00fcr Wiederholende Sollten Ihre Auszubildenden die Abschlusspr\u00fcfung nicht bestehen und die Ausbildung wird verl\u00e4ngert, sind die Auszubildenden weiterhin berufsschulpflichtig. In diesem Fall melden Sie Ihre\/n Auszubildende\/n bitte unbedingt mit dem Anmeldeformular f\u00fcr Wiederholer an. Per Mail an: BS16-Anmeldung@hibb.hamburg.de Anmeldeformular<\/p>\n","protected":false},"author":1,"featured_media":2687,"parent":0,"menu_order":0,"comment_status":"closed","ping_status":"closed","template":"","meta":{"footnotes":""},"class_list":["post-2665","page","type-page","status-publish","has-post-thumbnail","hentry"],"_links":{"self":[{"href":"https:\/\/bs16.bildungssprit.de\/index.php?rest_route=\/wp\/v2\/pages\/2665","targetHints":{"allow":["GET"]}}],"collection":[{"href":"https:\/\/bs16.bildungssprit.de\/index.php?rest_route=\/wp\/v2\/pages"}],"about":[{"href":"https:\/\/bs16.bildungssprit.de\/index.php?rest_route=\/wp\/v2\/types\/page"}],"author":[{"embeddable":true,"href":"https:\/\/bs16.bildungssprit.de\/index.php?rest_route=\/wp\/v2\/users\/1"}],"replies":[{"embeddable":true,"href":"https:\/\/bs16.bildungssprit.de\/index.php?rest_route=%2Fwp%2Fv2%2Fcomments&post=2665"}],"version-history":[{"count":0,"href":"https:\/\/bs16.bildungssprit.de\/index.php?rest_route=\/wp\/v2\/pages\/2665\/revisions"}],"wp:featuredmedia":[{"embeddable":true,"href":"https:\/\/bs16.bildungssprit.de\/index.php?rest_route=\/wp\/v2\/media\/2687"}],"wp:attachment":[{"href":"https:\/\/bs16.bildungssprit.de\/index.php?rest_route=%2Fwp%2Fv2%2Fmedia&parent=2665"}],"curies":[{"name":"wp","href":"https:\/\/api.w.org\/{rel}","templated":true}]}}