{"id":458,"date":"2016-04-07T12:16:54","date_gmt":"2016-04-07T10:16:54","guid":{"rendered":"http:\/\/autoschule.schulhomepages.hamburg.de\/?page_id=458"},"modified":"2016-04-07T12:16:54","modified_gmt":"2016-04-07T10:16:54","slug":"zweiradmechatroniker-motorradtechnik","status":"publish","type":"page","link":"https:\/\/bs16.bildungssprit.de\/?page_id=458","title":{"rendered":"Zweiradmechatroniker Motorradtechnik"},"content":{"rendered":"<p><strong>Das Berufsbild<\/strong><\/p>\n<p>Zweiradmechatroniker\/innen mit der Fachrichtung Motorradtechnik&nbsp; warten, reparieren und restaurieren Motorr\u00e4der, Motorroller und Quads. Sie nehmen Umbauten und Instandsetzungsarbeiten an diesen Fahrzeugen vor, beraten die Kunden und k\u00f6nnen auch im Verkauf und der Auftragsannahme t\u00e4tig sein. Die Fachbetriebe haben zumeist eine kleine bis mittelgro\u00dfe Betriebsgr\u00f6\u00dfe. Daher besteht oft ein enger Kundenkontakt.<\/p>\n<p><strong>Berufliche F\u00e4higkeiten<\/strong><\/p>\n<p>Zweiradmechatroniker\/innen haben handwerkliches Geschick und interessieren sich f\u00fcr physikalische und mathematische Zusammenh\u00e4nge. Sie kommunizieren gerne und kundenorientiert, begeistern sich f\u00fcr motorisierte Zweir\u00e4der und Quads und haben nicht zuletzt &#8222;Benzin im Blut&#8220;. Auch sind sie der englischen Sprache gegen\u00fcber aufgeschlossen, die ihnen in vielen Werkstatthandb\u00fcchern und anderen Zusammenh\u00e4ngen immer wieder begegnet.<\/p>\n<p><strong>Unterricht an unserer Schule<\/strong><\/p>\n<p>Die 3,5-j\u00e4hrige Ausbildung erfolgt dual, das hei\u00dft, der\/die Zweiradmechatroniker\/in schlie\u00dft mit einem Ausbildungsbetrieb einen Ausbildungsvertrag ab. Der Schulunterricht erfolgt in eigenen Klassen- und Fachr\u00e4umen mit einem hohen Ma\u00df an selbstverantwortlichem Lernen. Unsere Schule besitzt viele eigene Motorr\u00e4der, Motoren, Rahmen und Aggregate f\u00fcr einen handlungs- und sch\u00fclerorientierten Unterricht. Neben dem <em>lernfeldbasiertem Fachunterricht<\/em> bieten die F\u00e4cher <em>Fachenglisch<\/em>, <em>Sprache und Kommunikation<\/em> und <em>Wirtschaft und Gesellschaft<\/em> fachbezogene Unterst\u00fctzung f\u00fcr den erfolgreichen Abschluss der Ausbildung.<\/p>\n<p><strong>Ansprechpartner<\/strong><\/p>\n<p>siehe Seitenleiste rechts.<\/p>\n<p>&nbsp;<\/p>\n[print_link]\n","protected":false},"excerpt":{"rendered":"<p>Das Berufsbild Zweiradmechatroniker\/innen mit der Fachrichtung Motorradtechnik&nbsp; warten, reparieren und restaurieren Motorr\u00e4der, Motorroller und Quads. Sie nehmen Umbauten und Instandsetzungsarbeiten an diesen Fahrzeugen vor, beraten die Kunden und k\u00f6nnen auch im Verkauf und der Auftragsannahme t\u00e4tig sein. Die Fachbetriebe haben<\/p>\n","protected":false},"author":1,"featured_media":164,"parent":194,"menu_order":0,"comment_status":"closed","ping_status":"closed","template":"","meta":{"footnotes":""},"class_list":["post-458","page","type-page","status-publish","has-post-thumbnail","hentry"],"_links":{"self":[{"href":"https:\/\/bs16.bildungssprit.de\/index.php?rest_route=\/wp\/v2\/pages\/458","targetHints":{"allow":["GET"]}}],"collection":[{"href":"https:\/\/bs16.bildungssprit.de\/index.php?rest_route=\/wp\/v2\/pages"}],"about":[{"href":"https:\/\/bs16.bildungssprit.de\/index.php?rest_route=\/wp\/v2\/types\/page"}],"author":[{"embeddable":true,"href":"https:\/\/bs16.bildungssprit.de\/index.php?rest_route=\/wp\/v2\/users\/1"}],"replies":[{"embeddable":true,"href":"https:\/\/bs16.bildungssprit.de\/index.php?rest_route=%2Fwp%2Fv2%2Fcomments&post=458"}],"version-history":[{"count":0,"href":"https:\/\/bs16.bildungssprit.de\/index.php?rest_route=\/wp\/v2\/pages\/458\/revisions"}],"up":[{"embeddable":true,"href":"https:\/\/bs16.bildungssprit.de\/index.php?rest_route=\/wp\/v2\/pages\/194"}],"wp:featuredmedia":[{"embeddable":true,"href":"https:\/\/bs16.bildungssprit.de\/index.php?rest_route=\/wp\/v2\/media\/164"}],"wp:attachment":[{"href":"https:\/\/bs16.bildungssprit.de\/index.php?rest_route=%2Fwp%2Fv2%2Fmedia&parent=458"}],"curies":[{"name":"wp","href":"https:\/\/api.w.org\/{rel}","templated":true}]}}