{"id":7,"date":"2015-04-01T11:17:43","date_gmt":"2015-04-01T09:17:43","guid":{"rendered":"http:\/\/autoschule.schulhomepages.hamburg.de\/?page_id=7"},"modified":"2015-04-01T11:17:43","modified_gmt":"2015-04-01T09:17:43","slug":"schulformen","status":"publish","type":"page","link":"https:\/\/bs16.bildungssprit.de\/?page_id=7","title":{"rendered":"Schulformen"},"content":{"rendered":"<div class=\"maintext\">\n<p>Unsere Schule steht im Wesentlichen auf vier S\u00e4ulen:<\/p>\n<p>Der gr\u00f6\u00dfte Teil der fast zweitausend Sch\u00fcler besucht die <a href=\"https:\/\/autoschule.hamburg.de\/schulformen\/berufsschule\/\">Berufsschule<\/a> . Vor allem angehende Kraftfahrzeugmechatroniker lernen im Blockunterricht fachliche und allgemeinbildende Inhalte. Aber auch Zweiradmechaniker, Fahrradmontuere, Karosserie- und Fahrzeugbauer, Berufskraftfahrer, Fachkr\u00e4fte im Fahrbetrieb, Fahrzeuglackierer und Verfahrensmechaniker f\u00fcr Beschichtungstechnik besuchen unsere Berufsschule.In der einj\u00e4hrigen <a href=\"https:\/\/autoschule.hamburg.de\/schulformen\/ausbildungsvorbereitung\/\">Ausbildungsvorbereitung<\/a> qualifiieren sich Sch\u00fcler f\u00fcr die sp\u00e4tere Ausbildung. Sie werden hierbei betreut und begleitet durch Kolleginnen und Kollegen unserer Schule. In der <a href=\"https:\/\/autoschule.hamburg.de\/schulformen\/berufsqualifizierung\/\">Berufsqualifizierung<\/a> gibt es Einblicke in die Berufe der Fahrzeuglackierung. Das gleiche Ziel verfolgen das Einstiegsqualifizierung f\u00fcr Jugendliche (EQJ) und die Qualifizierung in Arbeit und Schule (QuAS).<\/p>\n<\/div>\n<div class=\"maintext\">\n<p>Unsere <a href=\"https:\/\/autoschule.hamburg.de\/schulformen\/fachschule-technik\/\">Fachschule Technik<\/a> f\u00fchrt nach vier Semestern zum Abschluss &#8222;Staatlich gepr\u00fcfter Techniker &#8211; Fachrichtung Karosserie- und Fahrzeugbautechnik&#8220;. Die Absolventen haben beste Berufsaussichten in Konstruktion, Entwicklung und Vertrieb.<\/p>\n<p>&nbsp;<\/p>\n<\/div>\n\n\n<div class=\"su-posts su-posts-teaser-loop \">\n\n\t\t\t\t\t\t\n\t\t\t\n\t\t\t<div id=\"su-post-201\" class=\"su-post \">\n\t\t\t\t\t\t\t\t\t<a class=\"su-post-thumbnail\" href=\"https:\/\/bs16.bildungssprit.de\/?page_id=201\"><img loading=\"lazy\" decoding=\"async\" width=\"1038\" height=\"779\" src=\"https:\/\/bs16.bildungssprit.de\/wp-content\/uploads\/2015\/11\/av-am-pc-02-1-e1450894093959.jpg\" class=\"attachment-post-thumbnail size-post-thumbnail wp-post-image\" alt=\"AV Unterrichtsarbeit\" srcset=\"https:\/\/bs16.bildungssprit.de\/wp-content\/uploads\/2015\/11\/av-am-pc-02-1-e1450894093959.jpg 1038w, https:\/\/bs16.bildungssprit.de\/wp-content\/uploads\/2015\/11\/av-am-pc-02-1-e1450894093959-300x225.jpg 300w, https:\/\/bs16.bildungssprit.de\/wp-content\/uploads\/2015\/11\/av-am-pc-02-1-e1450894093959-1024x768.jpg 1024w, https:\/\/bs16.bildungssprit.de\/wp-content\/uploads\/2015\/11\/av-am-pc-02-1-e1450894093959-768x576.jpg 768w\" sizes=\"auto, (max-width: 1038px) 100vw, 1038px\" \/><\/a>\n\t\t\t\t\t\t\t\t<h2 class=\"su-post-title\"><a href=\"https:\/\/bs16.bildungssprit.de\/?page_id=201\">Ausbildungsvorbereitung<\/a><\/h2>\n\t\t\t<\/div>\n\n\t\t\t\t\t\n\t\t\t\n\t\t\t<div id=\"su-post-687\" class=\"su-post \">\n\t\t\t\t\t\t\t\t\t<a class=\"su-post-thumbnail\" href=\"https:\/\/bs16.bildungssprit.de\/?page_id=687\"><img loading=\"lazy\" decoding=\"async\" width=\"1038\" height=\"652\" src=\"https:\/\/bs16.bildungssprit.de\/wp-content\/uploads\/2017\/07\/MG_2437_edit-e1499158506960.jpg\" class=\"attachment-post-thumbnail size-post-thumbnail wp-post-image\" alt=\"Ausbildungsvorbereitung f\u00fcr Migrantinnen und Migranten\" srcset=\"https:\/\/bs16.bildungssprit.de\/wp-content\/uploads\/2017\/07\/MG_2437_edit-e1499158506960.jpg 1038w, https:\/\/bs16.bildungssprit.de\/wp-content\/uploads\/2017\/07\/MG_2437_edit-e1499158506960-300x188.jpg 300w, https:\/\/bs16.bildungssprit.de\/wp-content\/uploads\/2017\/07\/MG_2437_edit-e1499158506960-1024x643.jpg 1024w, https:\/\/bs16.bildungssprit.de\/wp-content\/uploads\/2017\/07\/MG_2437_edit-e1499158506960-768x482.jpg 768w\" sizes=\"auto, (max-width: 1038px) 100vw, 1038px\" \/><\/a>\n\t\t\t\t\t\t\t\t<h2 class=\"su-post-title\"><a href=\"https:\/\/bs16.bildungssprit.de\/?page_id=687\">Ausbildungsvorbereitung f\u00fcr Migrant*innen (Dual)<\/a><\/h2>\n\t\t\t<\/div>\n\n\t\t\t\t\t\n\t\t\t\n\t\t\t<div id=\"su-post-198\" class=\"su-post \">\n\t\t\t\t\t\t\t\t\t<a class=\"su-post-thumbnail\" href=\"https:\/\/bs16.bildungssprit.de\/?page_id=198\"><img loading=\"lazy\" decoding=\"async\" width=\"1929\" height=\"1447\" src=\"https:\/\/bs16.bildungssprit.de\/wp-content\/uploads\/2015\/11\/lk-schleifen-02.jpg\" class=\"attachment-post-thumbnail size-post-thumbnail wp-post-image\" alt=\"\" srcset=\"https:\/\/bs16.bildungssprit.de\/wp-content\/uploads\/2015\/11\/lk-schleifen-02.jpg 1929w, https:\/\/bs16.bildungssprit.de\/wp-content\/uploads\/2015\/11\/lk-schleifen-02-300x225.jpg 300w, https:\/\/bs16.bildungssprit.de\/wp-content\/uploads\/2015\/11\/lk-schleifen-02-1024x768.jpg 1024w, https:\/\/bs16.bildungssprit.de\/wp-content\/uploads\/2015\/11\/lk-schleifen-02-768x576.jpg 768w, https:\/\/bs16.bildungssprit.de\/wp-content\/uploads\/2015\/11\/lk-schleifen-02-1536x1152.jpg 1536w\" sizes=\"auto, (max-width: 1929px) 100vw, 1929px\" \/><\/a>\n\t\t\t\t\t\t\t\t<h2 class=\"su-post-title\"><a href=\"https:\/\/bs16.bildungssprit.de\/?page_id=198\">Berufsqualifizierung<\/a><\/h2>\n\t\t\t<\/div>\n\n\t\t\t\t\t\n\t\t\t\n\t\t\t<div id=\"su-post-194\" class=\"su-post \">\n\t\t\t\t\t\t\t\t\t<a class=\"su-post-thumbnail\" href=\"https:\/\/bs16.bildungssprit.de\/?page_id=194\"><img loading=\"lazy\" decoding=\"async\" width=\"2112\" height=\"1241\" src=\"https:\/\/bs16.bildungssprit.de\/wp-content\/uploads\/2023\/08\/DSC06148-1-scaled-e1693378963927.jpg\" class=\"attachment-post-thumbnail size-post-thumbnail wp-post-image\" alt=\"\" srcset=\"https:\/\/bs16.bildungssprit.de\/wp-content\/uploads\/2023\/08\/DSC06148-1-scaled-e1693378963927.jpg 2112w, https:\/\/bs16.bildungssprit.de\/wp-content\/uploads\/2023\/08\/DSC06148-1-scaled-e1693378963927-300x176.jpg 300w, https:\/\/bs16.bildungssprit.de\/wp-content\/uploads\/2023\/08\/DSC06148-1-scaled-e1693378963927-1024x602.jpg 1024w, https:\/\/bs16.bildungssprit.de\/wp-content\/uploads\/2023\/08\/DSC06148-1-scaled-e1693378963927-768x451.jpg 768w, https:\/\/bs16.bildungssprit.de\/wp-content\/uploads\/2023\/08\/DSC06148-1-scaled-e1693378963927-1536x903.jpg 1536w, https:\/\/bs16.bildungssprit.de\/wp-content\/uploads\/2023\/08\/DSC06148-1-scaled-e1693378963927-2048x1203.jpg 2048w\" sizes=\"auto, (max-width: 2112px) 100vw, 2112px\" \/><\/a>\n\t\t\t\t\t\t\t\t<h2 class=\"su-post-title\"><a href=\"https:\/\/bs16.bildungssprit.de\/?page_id=194\">Berufsschule<\/a><\/h2>\n\t\t\t<\/div>\n\n\t\t\t\t\t\n\t\t\t\n\t\t\t<div id=\"su-post-200\" class=\"su-post \">\n\t\t\t\t\t\t\t\t\t<a class=\"su-post-thumbnail\" href=\"https:\/\/bs16.bildungssprit.de\/?page_id=200\"><img loading=\"lazy\" decoding=\"async\" width=\"1038\" height=\"576\" src=\"https:\/\/bs16.bildungssprit.de\/wp-content\/uploads\/2022\/09\/TS_Titelbild.png\" class=\"attachment-post-thumbnail size-post-thumbnail wp-post-image\" alt=\"Sch\u00fcler der Techniker Schule sitzen lachend am Tisch und betrachten ein kleines Elektroauto\" srcset=\"https:\/\/bs16.bildungssprit.de\/wp-content\/uploads\/2022\/09\/TS_Titelbild.png 1038w, https:\/\/bs16.bildungssprit.de\/wp-content\/uploads\/2022\/09\/TS_Titelbild-300x166.png 300w, https:\/\/bs16.bildungssprit.de\/wp-content\/uploads\/2022\/09\/TS_Titelbild-1024x568.png 1024w, https:\/\/bs16.bildungssprit.de\/wp-content\/uploads\/2022\/09\/TS_Titelbild-768x426.png 768w\" sizes=\"auto, (max-width: 1038px) 100vw, 1038px\" \/><\/a>\n\t\t\t\t\t\t\t\t<h2 class=\"su-post-title\"><a href=\"https:\/\/bs16.bildungssprit.de\/?page_id=200\">Fachschule Technik<\/a><\/h2>\n\t\t\t<\/div>\n\n\t\t\t\n<\/div>\n\n<p class=\"clearfloat\">&nbsp;<\/p>\n[print_link]\n","protected":false},"excerpt":{"rendered":"<p>Unsere Schule steht im Wesentlichen auf vier S\u00e4ulen: Der gr\u00f6\u00dfte Teil der fast zweitausend Sch\u00fcler besucht die Berufsschule . Vor allem angehende Kraftfahrzeugmechatroniker lernen im Blockunterricht fachliche und allgemeinbildende Inhalte. Aber auch Zweiradmechaniker, Fahrradmontuere, Karosserie- und Fahrzeugbauer, Berufskraftfahrer, Fachkr\u00e4fte im<\/p>\n","protected":false},"author":1,"featured_media":1961,"parent":0,"menu_order":0,"comment_status":"closed","ping_status":"closed","template":"","meta":{"footnotes":""},"class_list":["post-7","page","type-page","status-publish","has-post-thumbnail","hentry"],"_links":{"self":[{"href":"https:\/\/bs16.bildungssprit.de\/index.php?rest_route=\/wp\/v2\/pages\/7","targetHints":{"allow":["GET"]}}],"collection":[{"href":"https:\/\/bs16.bildungssprit.de\/index.php?rest_route=\/wp\/v2\/pages"}],"about":[{"href":"https:\/\/bs16.bildungssprit.de\/index.php?rest_route=\/wp\/v2\/types\/page"}],"author":[{"embeddable":true,"href":"https:\/\/bs16.bildungssprit.de\/index.php?rest_route=\/wp\/v2\/users\/1"}],"replies":[{"embeddable":true,"href":"https:\/\/bs16.bildungssprit.de\/index.php?rest_route=%2Fwp%2Fv2%2Fcomments&post=7"}],"version-history":[{"count":0,"href":"https:\/\/bs16.bildungssprit.de\/index.php?rest_route=\/wp\/v2\/pages\/7\/revisions"}],"wp:featuredmedia":[{"embeddable":true,"href":"https:\/\/bs16.bildungssprit.de\/index.php?rest_route=\/wp\/v2\/media\/1961"}],"wp:attachment":[{"href":"https:\/\/bs16.bildungssprit.de\/index.php?rest_route=%2Fwp%2Fv2%2Fmedia&parent=7"}],"curies":[{"name":"wp","href":"https:\/\/api.w.org\/{rel}","templated":true}]}}